?
2, 162881
List the prime factors of 1015236.
2, 3, 28201
What are the prime factors of 11884329?
3, 19, 69499
What are the prime factors of 168149?
181, 929
What are the prime factors of 8674634?
2, 23, 188579
What are the prime factors of 18632018?
2, 9316009
List the prime factors of 520448.
2, 19, 107
List the prime factors of 695360.
2, 5, 41, 53
What are the prime factors of 8550600?
2, 3, 5, 14251
List the prime factors of 1948791.
3, 13, 107, 467
What are the prime factors of 14424362?
2, 31, 73, 3187
What are the prime factors of 6449833?
13, 41, 12101
What are the prime factors of 1717946?
2, 769, 1117
What are the prime factors of 821616?
2, 3, 17117
List the prime factors of 6745994.
2, 71, 47507
What are the prime factors of 142031?
142031
What are the prime factors of 6097414?
2, 59, 51673
What are the prime factors of 258448?
2, 29, 557
What are the prime factors of 3210626?
2, 1605313
What are the prime factors of 138054?
2, 3, 7, 19, 173
What are the prime factors of 8715637?
7, 1245091
What are the prime factors of 652583?
109, 5987
List the prime factors of 79524.
2, 3, 47
What are the prime factors of 34851529?
19, 337, 5443
What are the prime factors of 511501?
47, 10883
What are the prime factors of 80543?
239, 337
What are the prime factors of 178644?
2, 3, 14887
List the prime factors of 16881873.
3, 41, 137251
What are the prime factors of 80976?
2, 3, 7, 241
List the prime factors of 3556868.
2, 7, 127031
What are the prime factors of 18026199?
3, 349, 1913
What are the prime factors of 112075?
5, 4483
What are the prime factors of 10051830?
2, 3, 5, 59, 631
List the prime factors of 26100582.
2, 3, 1439, 3023
What are the prime factors of 647451?
3, 7, 43, 239
What are the prime factors of 5122823?
433, 11831
List the prime factors of 722830.
2, 5, 41, 43
What are the prime factors of 6544?
2, 409
What are the prime factors of 11193365?
5, 2238673
List the prime factors of 8546667.
3, 37, 2081
List the prime factors of 420766.
2, 101, 2083
List the prime factors of 10103108.
2, 43, 151, 389
What are the prime factors of 6605505?
3, 5, 229, 641
What are the prime factors of 194243?
7, 27749
What are the prime factors of 408722?
2, 204361
What are the prime factors of 216996?
2, 3, 13, 107
List the prime factors of 1452379.
19, 76441
List the prime factors of 9447166.
2, 229, 20627
List the prime factors of 4931333.
11, 448303
List the prime factors of 414217.
414217
List the prime factors of 6455277.
3, 179, 4007
What are the prime factors of 6519608?
2, 131, 6221
List the prime factors of 26050185.
3, 5, 7, 82699
List the prime factors of 1558811.
1558811
List the prime factors of 7498324.
2, 983, 1907
What are the prime factors of 2790090?
2, 3, 5, 29, 1069
What are the prime factors of 256008?
2, 3, 10667
List the prime factors of 9399246.
2, 3, 61, 421
List the prime factors of 514560.
2, 3, 5, 67
What are the prime factors of 911625?
3, 5, 11, 13, 17
List the prime factors of 16592732.
2, 13, 61, 5231
What are the prime factors of 704321?
704321
List the prime factors of 158105.
5, 103, 307
List the prime factors of 662973.
3, 383, 577
What are the prime factors of 1047351?
3, 23, 43, 353
List the prime factors of 574163.
574163
What are the prime factors of 73477?
73477
List the prime factors of 4143342.
2, 3, 7, 17, 829
What are the prime factors of 1637309?
59, 27751
What are the prime factors of 26547?
3, 8849
What are the prime factors of 380683?
29, 13127
List the prime factors of 4582039.
7, 11, 8501
List the prime factors of 145115.
5, 29023
What are the prime factors of 2225234?
2, 11, 41, 2467
What are the prime factors of 643827?
3, 317, 677
What are the prime factors of 3853612?
2, 7, 229, 601
List the prime factors of 21124891.
37, 59, 9677
What are the prime factors of 5364854?
2, 11, 243857
What are the prime factors of 102233?
102233
List the prime factors of 5253155.
5, 1050631
List the prime factors of 1023791.
17, 60223
List the prime factors of 9106026.
2, 3, 1517671
List the prime factors of 14846818.
2, 7, 1060487
List the prime factors of 5783816.
2, 722977
List the prime factors of 37136.
2, 11, 211
What are the prime factors of 481023?
3, 19, 29, 97
What are the prime factors of 285633?
3, 71, 149
What are the prime factors of 339361?
11, 30851
What are the prime factors of 166282?
2, 71, 1171
What are the prime factors of 1134689?
181, 6269
What are the prime factors of 5307158?
2, 23, 113, 1021
What are the prime factors of 1712021?
811, 2111
List the prime factors of 4475006.
2, 2237503
What are the prime factors of 2062168?
2, 17, 59, 257
What are the prime factors of 233311?
13, 131, 137
What are the prime factors of 3027956?
2, 31, 24419
List the prime factors of 661683.
3, 11, 20051
List the prime factors of 18993586.
2, 1531, 6203
What are the prime factors of 14261?
13, 1097
What are the prime factors of 72256?
2, 1129
List the prime factors of 8677724.
2, 11, 197221
List the prime factors of 502232.
2, 67, 937
What are the prime factors of 524087?
524087
List the prime factors of 1395292.
2, 17, 71
List the prime factors of 767966.
2, 383983
List the prime factors of 1078961.
13, 82997
List the prime factors of 10594925.
5, 11, 59, 653
List the prime factors of 4030004.
2, 11, 91591
List the prime factors of 5624786.
2, 2812393
What are the prime factors of 91404?
2, 3, 2539
List the prime factors of 1798031.
31, 1871
List the prime factors of 10323624.
2, 3, 17, 25303
What are the prime factors of 466735?
5, 17, 19
List the prime factors of 999189.
3, 23, 1609
What are the prime factors of 19127251?
11, 13, 10289
List the prime factors of 995342.
2, 497671
What are the prime factors of 687675?
3, 5, 53, 173
List the prime factors of 7084955.
5, 137, 10343
What are the prime factors of 8919616?
2, 139369
List the prime factors of 21217.
7, 433
What are the prime factors of 14247810?
2, 3, 5, 23, 6883
List the prime factors of 1017430.
2, 5, 71, 1433
What are the prime factors of 638884?
2, 159721
What are the prime factors of 45192?
2, 3, 7, 269
List the prime factors of 643646.
2, 321823
List the prime factors of 8746344.
2, 3, 331, 367
List the prime factors of 24030.
2, 3, 5, 89
List the prime factors of 430316.
2, 179, 601
List the prime factors of 284516.
2, 71129
What are the prime factors of 114861?
3, 38287
What are the prime factors of 161702?
2, 233, 347
What are the prime factors of 5058352?
2, 13, 83, 293
List the prime factors of 1696624.
2, 19, 5581
What are the prime factors of 613136?
2, 38321
List the prime factors of 771698.
2, 17, 22697
List the prime factors of 2638794.
2, 3, 439799
What are the prime factors of 779679?
3, 67, 431
What are the prime factors of 6508855?
5, 37, 151, 233
What are the prime factors of 585085?
5, 117017
What are the prime factors of 621473?
621473
What are the prime factors of 1292419?
1292419
What are the prime factors of 6110622?
2, 3, 7, 48497
List the prime factors of 318850.
2, 5, 7, 911
List the prime factors of 30799261.
751, 41011
List the prime factors of 268313.
157, 1709
List the prime factors of 5655193.
293, 19301
List the prime factors of 631829.
11, 71, 809
List the prime factors of 203678.
2, 101839
List the prime factors of 19679159.
19679159
What are the prime factors of 964665?
3, 5, 13, 17, 97
List the prime factors of 765104.
2, 47819
What are the prime factors of 104466?
2, 3, 23, 757
List the prime factors of 210811.
210811
What are the prime factors of 9364192?
2, 292631
List the prime factors of 236632.
2, 11, 2689
What are the prime factors of 222057?
3, 11, 2243
List the prime factors of 2475658.
2, 1237829
List the prime factors of 3287508.
2, 3, 7, 5591
What are the prime factors of 10312884?
2, 3, 286469
What are the prime factors of 3660072?
2, 3, 13, 11731
List the prime factors of 343038.
2, 3, 57173
List the prime factors of 306256.
2, 19141
List the prime factors of 698704.
2, 43669
What are the prime factors of 53728?
2, 23, 73
What are the prime factors of 3115368?
2, 3, 14423
What are the prime factors of 345045?
3, 5, 23003
List the prime factors of 1455141.
3, 23, 21089
What are the prime factors of 4217772?
2, 3, 13, 19, 1423
What are the prime factors of 266782?
2, 133391
What are th